0)/(0 - 1) - 0. What is g(a)?
-2
Let n(r) = -56*r + 399. Let t be -9 + 273/13 + -5 + 0. What is n(t)?
7
Let g(b) be the third derivative of b**4/24 + 23*b**2. Let d = -27 - -23. Let j be 2/d*-10 - -1. Calculate g(j).
6
Suppose -3*c + u - 20 = 0, -43 - 2 = 5*c - 4*u. Let i = 85 - 79. Let o(p) = i + 4*p + 0*p**2 + p**2 + 0 + 0*p. Determine o(c).
11
Let h(d) be the first derivative of -d**3/3 - 3*d**2 + 5*d - 1. Let g(m) = 4*m**3 + 98*m**2 - 142*m - 4566. Let l be g(-24). What is h(l)?
5
Let f(c) = 4*c**3 - 2*c**2 - 2*c + 2. Suppose 3*h + 3*n = 3, -11*h + 7 = -7*h + 3*n. Suppose -b - 18 = -5*r, r + 8 = -2*b + h*r. Calculate f(b).
22
Let c be (-4)/((-8)/10) - 2. Let w(r) = 134 - 5*r**2 - c*r + 0*r - 137 - r**3. What is w(-2)?
-9
Let g(s) be the first derivative of 20 - 1/2*s**2 + 3*s - 1/6*s**3. Let x(n) be the first derivative of g(n). Calculate x(2).
-3
Let u(p) = 801*p + 1601. Let v be u(-2). Let d(n) = 12*n**2 - 4*n - 5. What is d(v)?
11
Suppose -f = -6*f - 5. Let m(n) = 7*n**2 + 3*n + 2. Let t be m(f). Let i(g) = 5*g**2 - 8*g**2 + 219*g + 2 + 4*g**2 - 225*g. Determine i(t).
2
Let f(o) be the second derivative of 3/2*o**3 - 1/12*o**4 + 0 + 3*o**2 - 107*o. Give f(9).
6
Let s(w) = -3*w + 7. Let q be (7/((-833)/68))/(2/(-21)). What is s(q)?
-11
Let w(l) = l**2 + l + 11. Suppose 45*c = 11*c. Give w(c).
11
Let z(g) = 5*g**2 + 0 - 7*g**2 + 12*g - 6 + 0*g**2 + 8*g. What is z(11)?
-28
Suppose 3*g - a + 44 = 0, 4*g + 60 = 3*a - a. Let b(j) = -j**3 - 16*j**2 - 30*j - 18. Calculate b(g).
10
Let a be 2/(-13) - (24 - 186/26). Let j(l) = 4*l + 61. Give j(a).
-7
Let h(b) = b**2 + 4*b - 25. Suppose 7*r = 18*i - 19*i - 47, -4*r - 26 = i. Calculate h(r).
-4
Let n(i) be the first derivative of -i - 99 - 3/2*i**2. Determine n(-2).
5
Let c(k) = 76*k + 35. Let u(d) = 20*d + 9. Let n(t) = -3*c(t) + 11*u(t). Give n(-2).
10
Let h = 1 - -2. Suppose 4*v = -3*p - 18, h*v - 7 = 5*p - 6. Let k(x) = 2*x**3 - 3*x**2 - 2*x - 1. Give k(p).
-25
Let z = -530 - -750. Let h(b) = -71*b - 80*b - 67*b + 4 + z*b. Determine h(-3).
-2
Suppose -2*c + 10 = -b, -48*c + 52*c = 24. Let y(s) be the third derivative of -2*s**5/15 - s**4/24 + s**3/3 - 5*s**2. Give y(b).
-32
Let x(f) = 1. Let b be (-15)/10 - -5*(-3)/(-6). Let p(k) = 10*k + 2*k**2 - 4*k - 1 - 3*k. Let m(l) = b*p(l) - 3*x(l). Give m(-3).
5
Suppose 72*f - 50*f + 14 = 36*f. Let b(l) be the first derivative of -16*l**3/3 - l**2/2 + l - 1. Give b(f).
-16
Let m be 8/60 + (-107)/15. Let n(y) be the third derivative of 4*y + 0 - 5/12*y**4 - 5/6*y**3 - 1/60*y**5 + 3*y**2. What is n(m)?
16
Let s(f) be the third derivative of -f**6/120 - 2*f**5/15 - 7*f**4/24 - 2*f**3/3 - 64*f**2 + 117*f - 2. Let u be 1/4 - (-17)/(-4). Give s(u).
-40
Let j be (12/(-16)*8)/(6/4). Let a(v) = 13*v + 22. Give a(j).
-30
Let o(t) = t**3 + 14*t**2 - 13. Suppose 3*x + 2*f + 29 = -9, 5*f - 38 = 2*x. What is o(x)?
-13
Suppose 2*z + z - 5*f - 21 = 0, -4*z + 57 = 3*f. Let r(v) = v**2 - 12*v + 3. Let q be r(z). Let w(y) = 21 + 5*y + q*y - 4*y - 5*y. Give w(0).
21
Suppose -49*g = -75 + 104 + 412. Let k(n) = -2*n**2 - 18*n + 2. Give k(g).
2
Let m be ((-15)/5 - -4)*0. Let o(l) = -6*l + 8 - l**2 + 7*l + m*l - 9. Calculate o(1).
-1
Let z(n) be the second derivative of -1/12*n**4 + 0 - 3*n - 11/2*n**2 + 1/6*n**3. Suppose -4*r - 6 = 2*s, 532*s - 3 = -r + 533*s. Calculate z(r).
-11
Let h be (-3)/(-3) + (-6 - -1). Let a be 3 - (h + 2 + 9). Let p(d) be the third derivative of -d**6/120 - d**5/15 - d**4/24 - d**3/3 - 24*d**2. Give p(a).
2
Let u(k) = k**3 + 6*k**2 - 3*k - 41. Let p be u(-4). Suppose f = 5*m, 5*m - p*f + 27 = 17. Let g(d) = -5*d**3 - 2*d + 1. Give g(m).
-6
Let l = -82 - -82. Suppose -10 + l = 5*y. Let s(t) = 5*t**2 - t + 1. What is s(y)?
23
Let t be (-4)/18 + (-15)/((-675)/370). Let b(n) = -15*n + 49. Let k(l) = 8*l - 25. Let d(v) = 6*b(v) + 11*k(v). What is d(t)?
3
Let t(p) be the third derivative of -p**5/60 + 19*p**4/12 - 29*p**3 + 35*p**2 + p - 12. Determine t(33).
-9
Let n be 0*12/288*4. Let t(y) = -y + 2. Give t(n).
2
Let v(d) = 46 - 3 + 130*d**3 + 41*d**2 - 181*d - 131*d**3 - 2. What is v(36)?
5
Suppose -50190 + 50547 = 9*k - 26*k. Let t(r) = -r - 3. What is t(k)?
18
Let k(x) be the first derivative of x**2/2 + 24*x + 105. Let y(u) = 2*u + 46. Let q(w) = -5*k(w) + 2*y(w). Give q(0).
-28
Let w(g) = g**3 - 12*g**2 + 11*g + 3. Let p be ((-2420)/(-80))/(2 - 7/4). Let x = 132 - p. Determine w(x).
3
Let d be 7 - (-10 + 1 - -9). Let x(c) = -46*c**2 + 4*c - 3*c - 4*c + 49*c**2 + 2 + d*c. What is x(-2)?
6
Let q(o) be the third derivative of o**6/144 - o**5/15 - 253*o**4/24 + 7*o**2 - 4. Let r(m) be the second derivative of q(m). Calculate r(5).
17
Let b(p) = 3*p**2 + 21*p - 13. Let y = -6409 - -6401. What is b(y)?
11
Let d(s) = s**3 + 17*s**2 - 5. Let y be d(-17). Let p(r) = -21*r - 6. What is p(y)?
99
Let r(w) be the first derivative of w**4/12 + 2*w**3/3 + w**2 - 22*w + 21. Let j(q) be the first derivative of r(q). Determine j(-4).
2
Let p(r) = 74480 - 37234 - 16*r - 37230. Give p(4).
-48
Suppose 0 = 3*c - 2*d - 16 - 44, -2*c + 40 = 2*d. Let b(o) be the first derivative of o**3/3 - 19*o**2/2 - 14*o - 8. Give b(c).
6
Let l(c) = 11*c + 1. Let o(p) = -67*p - 4. Let h(t) = 6*l(t) + o(t). Give h(23).
-21
Let a(i) = 2*i**2 + 9*i + 15. Let g(l) = l**2 + 4*l + 8. Suppose -11*o + 8 = -9*o. Let n be (o - 0) + -8 + 0. Let m(x) = n*a(x) + 9*g(x). Give m(0).
12
Let v be (0 - -5)/(0 + -1). Let x(t) = 3*t - 20. Let w(o) = -2. Let s(a) = v*w(a) + x(a). Determine s(7).
11
Let x(p) = -9*p - 68. Let w be (6 - (-54)/(-12))*-4. Let d be x(w). Let j(z) = z**2 + 13*z - 2. Give j(d).
12
Let z(x) = 3*x + 65. Suppose 3*l - 122 = -l - 3*j, -4*j = -2*l + 28. Give z(l).
143
Let b(a) be the second derivative of -a**4/12 - 2*a**3/3 + 58*a**2 - 4650*a. Calculate b(10).
-24
Suppose 246*i + 917 = 3377. Let x(a) = a**3 - 12*a**2 + 21*a - 10. Calculate x(i).
0
Let y(a) be the second derivative of a**4/12 + 8*a**3/3 + 19*a**2/2 - 7282*a. Suppose -2*l - 4 = 26. What is y(l)?
4
Let q(w) = -13*w**2 + 155*w + 17. Let a(i) = -2*i**2 + 190*i - 2388. Let o be a(15). Determine q(o).
5
Let y(t) = -122*t**2 - 26*t - 27. Let p be y(-1). Let k be p/12 + 21/(-28). Let w(g) = -g**3 - 10*g**2 + 11*g. Calculate w(k).
0
Let n(a) = -a**2 - 12*a - 4. Let l = 417 + -232. Suppose 0 = 4*c - 3*o - 145, -4*c - 6*o + o + l = 0. Suppose 5*x + 20 = -c. Determine n(x).
-4
Let a(s) = -s - 21. Suppose 0 = -11*m - 600 + 61. Let g be m/(-21) + 111/(-9). Calculate a(g).
-11
Let t be ((-80)/(-36))/1 - (-2)/(-9). Let h(y) = 7*y - 6 + 5 - y + 0 + y**t. What is h(-7)?
6
Let d(o) be the first derivative of -o**4/4 - 4*o**3/3 + 3*o**2 + 9*o + 2. Let w = -24207 - -24201. Calculate d(w).
45
Let u(z) = z**2 - 5*z + 6. Let p be u(5). Let l(n) = 4*n**2 - 6 - 4*n + 7*n**2 + 8*n**2 + 15*n**2 - 33*n**2. Calculate l(p).
6
Let d(c) = -c**2 - 13*c + 3. Let s(q) = 185*q - 14. Let y be s(0). Calculate d(y).
-11
Let y(b) be the second derivative of 4*b - 25 + 1/2*b**2 + 1/6*b**4 - 1/3*b**3. Let s(u) = -u**3 + 4*u**2 + 2*u - 5. Let c be s(4). Give y(c).
13
Let g = 2 + -2. Let h(r) = r + 3721*r**2 - 11141*r**2 + 3700*r**2 + 30 + 3721*r**2. Determine h(g).
30
Let y(t) = -t**2 - 3*t - 32. Let z = -16333 + 16333. Give y(z).
-32
Suppose -2 = t, o + 47*t - 44*t + 28 = 0. Let y(l) = -3*l - 63. Give y(o).
3
Let a(i) = 1. Let x(h) = h**3 - 6*h**2 + 2*h + 6. Suppose j + 6 = -j. Let p(v) = j*a(v) + x(v). Suppose 207*m = 190*m + 85. Give p(m).
-12
Let v be (-6)/(-3) + 31 - -3. Suppose 0*w + 9*w = v. Let p(o) = -1 - 4*o**3 + 4*o + 3*o**3 + 3*o**2 + 1. What is p(w)?
0
Let x(n) = 0 + 3 - 13*n - 581710*n**2 + 581711*n**2. What is x(18)?
93
Let j(f) = -f - 2. Let l(k) = -16*k**2 + 9*k - 23. Let w(h) = -7*h**2 + 4*h - 11. Let b(p) = -4*l(p) + 9*w(p). Let m be b(-3). Give j(m).
-4
Let b(f) = -f**3 + 5*f**2 + 4*f - 11. Let t be b(5). Suppose -t*d + 3*d + 12 = 0. Let y(u) = 3 - 7*u - d*u**2 + 0*u - 8*u + 21*u. Determine y(5).
-17
Let k = -16730 - -16727. Let l(n) = -35*n - 110. Calculate l(k).
-5
Suppose 3*q + 45 = 12*q. Let g(x) = q - x - 12 + 6 - 2*x. Let r(o) = o**2 + 9*o + 6. Let w be r(-8). Calculate g(w).
5
Suppose 16*k = -4*f + 11*k + 298, 5*f + k = 383. Let i = f - 74. Let t(r) be the third derivative of r**5/60 + r**4/8 + r**3/3 - r**2. Determine t(i).
20
Let h(